test common divisor of 11 and l.
11
Suppose a = -4*c + 48 + 8, 2*a - 37 = -3*c. Suppose -5*p = -0*p - c. Let q be 30/(-18)*-3 - 2. What is the highest common factor of p and q?
3
Suppose -70*o = -74*o + 144. What is the greatest common factor of o and 306?
18
Let k(q) = 25*q + 10. Let c be k(8). Suppose -4 - 1004 = -12*y. What is the highest common factor of c and y?
42
Suppose -2*o - 11 = b - 7, -5*b = -5*o - 40. What is the highest common factor of b and 76?
4
Let p(a) = -13*a**2 - 59*a + 56. Let g be p(-5). Let b = 60 + 31. What is the highest common factor of b and g?
13
Let b = -123 + 111. Let n be (b/(-30))/(2/55). Calculate the highest common factor of n and 110.
11
Let x be (8/(-6))/(2/(-90)). Let p be (-21)/21 + (-6)/1. Let j(i) = i**2 - 7*i - 8. Let v be j(p). What is the highest common divisor of v and x?
30
Let u = 114 + -47. Suppose -4*n + 56 = -4*s, 4*n - 5*s - u + 11 = 0. What is the greatest common factor of n and 70?
14
Let d(v) = -4*v + 19. Let o be d(6). Let h be (2/o)/(4/(-20)). Suppose 0 = -2*i - 4*g, 0*i - 3*i - g + 10 = 0. Calculate the highest common factor of i and h.
2
Suppose 0 = i - 2*x + 5, -2*i - 3*i - 4*x + 45 = 0. Let s(m) = -m**3 + 11*m**2 - 7*m - 20. Let v be s(10). What is the greatest common divisor of i and v?
5
Let z = -22 + -2. Let q be 498/21 - (-2 + z/(-14)). Suppose 4*r = -s + 384, 4*r = -r - 2*s + 480. What is the highest common divisor of q and r?
24
Let f(z) = z**3 - 20*z**2 - 23*z + 21. Let t be f(22). Calculate the highest common factor of 345 and t.
69
Suppose 214 = 4*c + 5*q, 10*c + q - 278 = 5*c. Calculate the greatest common factor of c and 14.
14
Let g be 4/(-14) + 9/7. Suppose 0*i + g = -i + t, 17 = 3*i + t. Suppose -i*a = -7 + 3. What is the greatest common factor of a and 2?
1
Let x = 190 - 128. Let r be x/8*(0 - -4). What is the greatest common divisor of r and 155?
31
Let t be -12*(-3)/((-4)/(32/36)). Let g be 134/26 + t/52. Calculate the highest common factor of 65 and g.
5
Let o = -88 + 221. What is the highest common factor of o and 35?
7
Suppose -6*k + 174 = -60. Let o = 56 - k. What is the highest common divisor of 85 and o?
17
Suppose 0*b + 459 = 3*b. Suppose -18 = -4*a - 2*a. Let j be 2 + b + (a - 4). What is the greatest common divisor of 14 and j?
14
Let s = 15 - -281. Calculate the greatest common factor of 16 and s.
8
Let q be -3 - (-12 + 6) - -33. What is the greatest common factor of 126 and q?
18
Let x(l) = l**3 + 10*l**2 - 3*l - 21. Let q be x(-10). Suppose 0 = q*b - 5*b - 40. Suppose 3*z - b = z. What is the greatest common factor of 2 and z?
1
Let m be 1/((-1)/(-7)*1). Suppose 5*y + 73 - 318 = 0. Let x = 14 + y. Calculate the greatest common divisor of x and m.
7
Let v(y) = -10*y + 93. Let o be v(9). Calculate the highest common factor of o and 1176.
3
Suppose 0 = b + b - 24. Let q be b - (4 - 3 - -1). Suppose 0 = -3*k + q + 8. What is the greatest common factor of 66 and k?
6
Suppose 38*t - 40*t = 746. Let h = t - -625. What is the greatest common factor of h and 28?
28
Suppose 56 = n - 3*z, -7*z = 4*n - 2*z - 258. What is the greatest common divisor of 62 and n?
62
Let d(y) = 2*y**2 + y - 6. Let l be d(-5). Let b(v) = 13*v - 52. Let s be b(6). Calculate the highest common factor of s and l.
13
Suppose -315 = -4*o + 37. Let l(g) = -g**3 + 52*g**2 - 101*g + 61. Let f be l(50). Calculate the highest common factor of o and f.
11
Let o = 266 - 99. Suppose -o = -10*d + 13. What is the greatest common factor of d and 2?
2
Let s = -43 + 47. Suppose -5*u + 2*v + 45 = -3*v, -4*v = s*u - 44. Suppose -2*p + 4*p = 20. Calculate the greatest common factor of u and p.
10
Let z be 2/(-4) - (-289)/2. Let r be 8/3 + 10/30. Suppose 0*a = -r*b + 3*a + 60, 0 = -2*a - 4. Calculate the greatest common factor of b and z.
18
Suppose 3*p = -k - 246, -2*p - 4*k - 164 = -k. Let f = p + 94. Calculate the greatest common factor of f and 9.
3
Let f be 15/10 + (-1466)/(-4). What is the highest common divisor of 23 and f?
23
Let z(l) = -32 + 25 - 2*l + 20. Let p be z(-7). Let j be 3639/15 - (-6)/15. Calculate the greatest common factor of j and p.
27
Let w = -84 + 97. Let i = 241 - 150. Calculate the greatest common divisor of i and w.
13
Suppose -y - 4*y + 5*s = -245, -2*y = s - 101. Let m be (y/15)/((-4)/(-6)). Let d be 246/10 - 8/(-20). Calculate the highest common factor of d and m.
5
Let h = 8 - 3. Let a = 8 - h. Let d be -2 + a + -3 - -35. What is the greatest common factor of d and 11?
11
Suppose 0 = -2*a - 0*a + 36. Let c(z) = z**2 + 3*z - 4. Let l be c(-3). Let m be l/8 + 19/2. Calculate the greatest common factor of a and m.
9
Suppose -5*n + 15 + 0 = 0. Suppose 0*q + n*q = 2*o + 19, -37 = -5*q + 2*o. Calculate the highest common divisor of q and 3.
3
Suppose -2*h = -16 - 2. Suppose 4*p = 4*a + 36, -2*a + 4*a = p - 13. Let x = 23 - a. Calculate the greatest common divisor of h and x.
9
Suppose -l - 7 = -2*g - g, 10 = -3*l - 2*g. Let b be 5 - (-3 - l - -2). Let z = 18 - 4. Calculate the highest common divisor of b and z.
2
Suppose -19 = -4*j - 11. Suppose 0 = -3*k + 3*x + 27, -k - j*x + 9 = 3*x. Calculate the greatest common divisor of k and 3.
3
Let j(x) = x**2 - 13*x - 12. Suppose -6*t + 81 + 3 = 0. Let i be j(t). What is the greatest common factor of 1 and i?
1
Suppose -3*s + y + 110 = -4*y, -2*s = y - 69. What is the greatest common factor of 175 and s?
35
Let x(u) be the second derivative of u**5/20 + u**4 + 3*u**3/2 - 2*u**2 + 8*u. Let j be x(-11). Let t = 110 + j. What is the highest common factor of 16 and t?
16
Let y be (81 - 8) + (5 + -2)/(-3). Calculate the highest common divisor of y and 162.
18
Suppose -3*i = -8*i - 565. Let j = i - -161. Calculate the greatest common divisor of j and 12.
12
Suppose 2*t - i + 3*i = 16, 2*t = 4*i - 2. Let j = 43 + -18. What is the greatest common divisor of t and j?
5
Suppose 3*f = 7*f + 4*a - 536, 2*f - 240 = 5*a. What is the greatest common factor of 80 and f?
10
Let y(h) = h**2 - 14*h + 34. Suppose 5*p = -3*b + 82, 3*b - 12 = -0*b. Let t be y(p). Calculate the highest common divisor of t and 238.
34
Suppose 6 = -2*m + j, -2*m - 4*j = -4 - 0. Let q be (2812/111)/(1 - m/(-6)). Calculate the greatest common factor of q and 38.
38
Let x(t) = t**3 + 21*t**2 - t - 21. Let h be x(-21). Suppose h*r - 272 = -8*r. Calculate the greatest common divisor of 17 and r.
17
Let x be 66/(-110) + 263/5 + 0. What is the highest common factor of x and 169?
13
Suppose 4*x = -5*s + 35, 43 = 4*x + 2*s + 17. Let n = x - -43. Calculate the highest common divisor of 24 and n.
24
Let o(v) = 2*v + 30. Let t be o(-15). Suppose -k + 28 = -3*m, -2*k + 51 + t = -m. What is the greatest common divisor of 15 and k?
5
Suppose -7*m = -5*m. Suppose 6 = -2*g - m. Let i be 12/1 - (7 + g). What is the highest common factor of i and 4?
4
Let h be 1/(((-42)/7)/(-72)). What is the greatest common factor of 20 and h?
4
Let y = -519 - -627. What is the highest common divisor of 36 and y?
36
Let z be (-2)/(0 + 2) - (9 - 4). Let i be 4/z - (-3 - 286/6). Calculate the greatest common divisor of i and 10.
10
Let q(f) = 2*f + 545. Let n be q(-25). Calculate the highest common factor of n and 60.
15
Let w(l) = 19*l**2 - 15*l + 3. Let u(s) = 20*s**2 - 15*s + 4. Let y(t) = -5*u(t) + 6*w(t). Let i be y(5). What is the highest common divisor of 39 and i?
39
Suppose 5*z + 4*w - 16 = 190, 3*z + 3*w = 126. What is the greatest common divisor of z and 76?
38
Let n = 18 + -15. Suppose 0 = -4*p + 5*l - 445, 8 = -n*l - 1. Let d = -65 - p. Calculate the greatest common factor of d and 5.
5
Suppose 0*t = -2*t - 28. Let f be (-984)/t - (-2)/(-7). Let x = 2844 - 2816. Calculate the highest common factor of x and f.
14
Let b be 2 + -3 + 3 + 2 + 77. Calculate the greatest common divisor of 9 and b.
9
Let j be (-274)/(-17) + (133/(-119) - -1). Let m(d) = 52*d - 1 + 0 - 11*d. Let i be m(1). Calculate the highest common factor of j and i.
8
Let f = 719 - 464. Let p be ((-6)/9)/((-2)/f). Suppose -5*o + p = 2*r, -4*o - 3 = r - 44. What is the greatest common factor of 9 and r?
9
Let u = 145 + -87. Suppose -3*r = 2*r + 5*q - 230, r - u = 5*q. What is the greatest common divisor of r and 36?
12
Let a(g) = 2*g + 9. Let p be a(-2). What is the highest common divisor of 40 and p?
5
Let o be 154/(-35) - (-6)/(-10). Let